at is 0 + 7 + -229 + 220 + (-1 - -8)?
5
Evaluate (-136 + 83 - -45) + (1 + 32 - 1).
24
What is the value of 4 + -2 + 5 + -4 + (-3 - -2)?
2
Calculate -1 + 15 + (-4 - 0 - (-18 + 19)).
9
-36 - -43 - (-6 - -3 - (5 - 2))
13
Evaluate 5 - (3 + (4 + 5 - 0 - -19)).
-26
Evaluate -17 + (14 - (-1 + 7)) + -7.
-16
What is (8 + -2 + 2 + -3 - 5) + -2?
-2
Calculate (-9 + 0 - (14 - 8)) + (3 - 4).
-16
What is (-18 - -3) + (-20 - -31)?
-4
Calculate -12 - (4 + -11 + 3).
-8
What is 38 + -47 + 21 + 18?
30
What is the value of 12 + 3 - (21 - 20)?
14
What is the value of -11 + -6 + 3 + -2 + 44?
28
Calculate (29 - 8) + (-8 + (3 - 3) - -6).
19
What is (63 - 62) + 3 + -4 + 13 + 0?
13
Evaluate -2 + (-16 - -25) + (2 - -1) + -8.
2
What is (16 - -24) + -1 + -20?
19
Calculate (-11 - 0) + (63 + -77 - (3 + -51)).
23
32 - (51 + -16 + -13 - 16)
26
What is the value of (-24 - 26 - -44) + 18?
12
Calculate -1 + (18 - 20) - -8.
5
Calculate (1 - -1) + (43 - 47).
-2
What is 38 + -57 - (2 + -11)?
-10
Evaluate (4 - 15 - 7) + -1 + -16.
-35
What is -4 - -3 - 2 - (1 - (-26 + 45))?
15
Evaluate -25 + (24 - (-23 + 30)).
-8
Evaluate -36 + 39 + 8 + 18 + 1.
30
Calculate 16 - (-1 + 5 + -1).
13
-50 + 52 - (0 + (18 + -2 - 0))
-14
Calculate -7 - -44 - (-10 - -37).
10
Evaluate (-3 - 11) + 23 + 6.
15
Calculate (-7 - 15) + (78 - 61).
-5
Evaluate -18 - (5 - (-3 - -13)) - (3 + -3).
-13
What is the value of (-10 - (-12 + 11)) + 5?
-4
What is the value of (2 - -16) + (15 - -10) + -19?
24
Calculate -12 + 14 - ((27 - 4) + -2).
-19
Evaluate -29 - (47 - (119 + -44)).
-1
Calculate -11 + (-222 + 218 - (-2 + -1)).
-12
What is the value of 2 + (-4 - (9 + -19))?
8
Calculate -7 - -2 - (3 + -18 + 11) - 9.
-10
Evaluate -29 + 41 + -1 + (-3 - -6).
14
Calculate (-10 - 2) + 3 + (11 - 6).
-4
Calculate -2 + 1 - ((-11 - 6) + 8 + 9).
-1
Calculate (-18 - (22 - 45)) + 14.
19
What is (46 - 57) + 0 + -1 + 22?
10
Calculate 27 - (19 - (34 - 33)).
9
What is the value of 14 - 7 - 8 - -6?
5
What is the value of -13 + -28 - -59 - 21?
-3
Evaluate -1 + 1 - ((1 - -3) + 4 + -10).
2
Calculate -14 + 25 + 1 - (5 - 0).
7
What is the value of -13 + (-5 - -10) - (5 - 6)?
-7
What is (2 + (-6 - 2) - 11) + 5 + 0?
-12
What is 7 + -1 + 14 + -6?
14
1 - -2 - (-8 + 5) - (312 + -314)
8
Calculate (-1 - -6) + (0 - -8 - (-107 - -108)).
12
What is the value of -47 + 39 + ((-2 - 3) + 0 - -27)?
14
Evaluate -40 - (-131 + 109 - (0 - 7)).
-25
Evaluate -12 + 20 + -2 + -2.
4
(-6 - -11) + -6 + -1 + 22 + -3
17
Calculate 8 + 16 + 4 - (-60 + 56).
32
Calculate -1 - -6 - (-4 + 8) - (-11 + -3).
15
What is the value of 7 + 5 - (35 + -25)?
2
What is the value of (-80 - -36) + 39 + (3 - (-2 - -32))?
-32
What is -10 + 13 - -11 - (-4 + 11)?
7
What is the value of 4 + (38 - 21) - (-2 - -6)?
17
What is the value of -8 - (7 + (-25 - -6))?
4
What is -26 + 25 - (-2 + 9)?
-8
What is 0 + -13 + -1 + 66 + -58?
-6
Calculate 90 + -61 - (0 - -11).
18
What is the value of -7 + (46 - (-15 + 45))?
9
Evaluate (3 - 0) + 4 + -8 - 2.
-3
Calculate -14 + (0 - (-14 - -5)) + -25.
-30
What is the value of -2 - (-42 + (-9 - -32))?
17
What is the value of -134 - -140 - ((0 - 1) + 11) - 5?
-9
Evaluate -11 + 1 + (-10 - (-20 + 1)).
-1
Calculate (1 - (3 - -1)) + -14 + 200 + -192.
-9
What is -27 + (26 - (-30 + 31))?
-2
What is the value of (1 - 6 - 4) + -3?
-12
(-18 - 10) + 1 + 5 + 5
-17
What is (-11 + -11 + 11 - -9) + 22?
20
What is 11 + -18 + (6 + -6 - 0)?
-7
What is the value of -10 + 2 - (-159 + 172)?
-21
Evaluate -20 + -3 + (-8 + 8 - -11).
-12
Evaluate 439 + -409 + (0 - 42).
-12
2 - (1 - -1) - ((5 - 20) + 34)
-19
What is the value of (-34 - -31 - (-5 - (-3 - -3))) + -3?
-1
What is the value of (-5 - -13 - (18 - 1)) + 15?
6
What is the value of 6 - (20 + 10 + -39)?
15
What is the value of 14 - (-2 + 20 - 3)?
-1
Calculate -10 - -12 - (8 + 3 - 3).
-6
What is 15 + (9 - -13) + -17?
20
What is the value of (3 - 14) + -6 + 11?
-6
Evaluate 4 - -1 - (-11 + -1 + -7 + 8).
16
Calculate -29 - (-15 - 1) - (-2 + -2).
-9
What is 5 + 1 + 3 + (39 - 35) + 6?
19
What is 1 + -29 + (-2 - -16)?
-14
Evaluate 5 + -16 + 4 + 0 + 3 - -1.
-3
10 + -1 + (-3 + 19 - 4)
21
What is the value of 0 + -5 + 234 + -219?
10
What is the value of 42 + -53 + (8 - -11)?
8
What is 10 + (3 + -5 - (-8 - -6)) + -25?
-15
Calculate 2 + 2 - -10 - (-3 - -8).
9
26 + (-21 - 12) - (2 + -15)
6
Calculate -2 + -8 - -4 - (-2 + 3).
-7
-8 + (10 - 3 - 17) - -9
-9
Calculate -30 + 27 + (3 - -8) + -4 - 1.
3
Evaluate (-2 + (3 + -1 - 1) - 2) + -4.
-7
Calculate 1 - -1 - ((8 - 4) + 5 + -6).
-1
Evaluate -174 - -175 - (-7 + 1).
7
Evaluate (4 - 2 - 4) + (-68 - -45).
-25
What is the value of 0 - 3 - (-119 + 132 - (0 + 3))?
-13
-3 - (0 + 0 - (29 - (3 + 2)))
21
Calculate 1 - (-2 + -3) - (10 + 12 + -30).
14
-3 + (3 - 7 - 3) + -9 + -4
-23
Evaluate (-8 + (-2 - -4) - (40 + -52)) + -10.
-4
Calculate -1 + -2 - (419 - 429).
7
What is the value of 373 + -383 + -3 + 2 + 8?
-3
What is -58 + 82 + -2 + -3?
19
What is 27 - (28 + (-3 - 10))?
12
3 + -6 + -3 - (-1 + -7 + 7)
-5
Evaluate 15 - (5 - -12) - 2.
-4
Calculate -5 - (-2 + (1 - -6) + -4 + -5).
-1
What is -30 + (-3 - -19 - -21)?
7
What is the value of (3 - (-12 - -17 - (-2 + 1))) + -3?
-6
What is the value of -17 + (-3 - (6 - 4)) + 11?
-11
What is the value of 5 + -3 + 1 + 2 + (55 - 43)?
17
Calculate 135 - 155 - (1 - 20) - (-14 - -1).
12
4 - (2 + (7 - -1 - 4))
-2
Calculate -4 + 24 + -3 - (38 + (5 - 33)).
7
Calculate (-2 - 13) + 23 - (1 - (-1 - 14)).
-8
Calculate 430 + -424 + (18 - -3).
27
Calculate -7 - (-13 - (-27 - (-2 - 11))).
-8
What is the value of -5 - 12 - (-4 + -2)?
-11
4 + (2 - (4 - 0 - -2))
0
What is -13 + -15 + 11 + 16 + 0?
-1
Evaluate 5 - (28 - (-19 + 52)).
10
What is the value of 11 - (24 - (-17 - -44))?
14
Calculate -17 - (6 + -30 + -4).
11
What is (-5 - (-10 + 5)) + (0 - 2)?
-2
9 + (32 - 21) - (-14 - 2)
36
What is the value of (4 - (15 - -4)) + 5 + 15 + 0?
5
Calculate 2 - (-7 - (4 + -14)).
-1
Calculate 0 + 1 - 0 - (-1 + 1 + -2).
3
Calculate -2 + -11 + (-1 + -3 - (-9 + 0)).
-8
Evaluate -41 + 66 - (-3 + 8 - 10).
30
-4 + -2 + 83 + -58 + (-8 - -1)
12
(2 - 3) + 18 + (-30 - -6)
-7
What is the value of 11 + (17 - -7) + -12?
23
(-7 - (-7 - 16)) + (-29 - -19) + 2
8
Evaluate -16 - -44 - (11 + -3).
20
Evaluate (7 - 2) + (5 - (0 - (-4 - 8))).
-2
What is the value of 873 + -903 + (0 - -21)?
-9
22 + -15 - (7 + 7)
-7
Calculate (-8 - (14 + -28)) + 10 + 2.
18
Calculate 2 + 13 + 172 + -177.
10
What is -3 - (-7 - -2 - (1 + -2 - -1))?
2
What is 5 + -2 + -25 + 20 + 20 + -5?
13
Evaluate 22 + -28 + (-6 - 1) + 0.
-13
Calculate 9 - ((1 - 5 - -13) + 0).
0
Calculate 10 + 3 - (-19 + (14 - -4)).
14
Evaluate -15 - (14 + (-2 - 8)) - -11.
-8
Evaluate 3 + -13 + (-9 - -16).
-3
Calculate (0 - 5) + -23 + 12 + 5 + 23.
12
-9 + (17 - (1 + 2)) + -7
-2
-16 + 14 + 20 - (-7 + -3 + 2)
26
(-28 + 28 - 18) + 38
20
168 - 179 - (-1 - 29) - 2
17
Evaluate -4 + 37 + -20 + -27.
-14
What is 32 + -4 + 11 + -19?
20
What is the value of -5 + (4 - (16 - (0 + 6))) + 12?
1
What is the value of (14 + -42 - -17) + 0 - -24?
13
Calculate 16 + 20 - 14 - (-7 - 1).
30
Evaluate -6 + 9 + 5 - -3 - 4.
7
(-3 - (9 - 20) - -2) + -16
-6
What is the value of 2 - 5 - (-148 - -133)?
12
What is -10 - (-16 + (9 - -3)) - 17?
-23
What is -99 + (-12 - -57) - -15?
-39
Evaluate (2 + (2 - 3) - 0) + 8.
9
-12 - (6 + -13 + 15 + -15)
-5
What is (4 - 22 - (10 - 23)) + (-2 - -24)?
17
What is -10 - (-15 + (4 - -11))?
-10
0 + (2 + 6 - (28 + (5 - 11)))
-14
-38 + 84 + -19 - 20
7
What is the value of 13 - (5 - (6 + -7 - -17))?
24
Calculate 1 + 5 - (-2 - -2) - (2 + 10).
-6
9 - -2 - 11 - -13
13
What is the value of -14 + (5 + 22 - 16)?
-3
Calculate -2 + (1 - -7) - (-91 - -106) - 2.
-11
What is the value of (-1 - (-12 - (10 + -25))) + 8?
4
10 + -8 + -9 - 5
-12
What is -42 - (-30 + (-60 - -18))?
30
(-7 - -20) + (-2 - 13)
-2
Evaluate 28 + -2 + (-3 - (-1 + (2 - 0))).
22
-6 + -8 + -3 - -8
-9
What is the value of (142 - (-122 - -291)) + (1 - 7 - 1)?
-34
Calculate 3 - (8 + (13 - 0)).
-18
What is the value of (0 - -1) + (3 - (-6 + 12 + 0))?
-2
What is -28 - 1 - (23 + -17 + 9 + -25)?
-19
12 + (-22 + 4 - 14) - 11
-31
What is -13 + (2 - 2 - -4)?
-9
33 + (-28 + 58 - 34)
29
Evaluate -1 - ((11 - 5) + (3 - -5) + -16).
1
What is 0 + 5 - (-9 + 2 + (4 - -4))?
4
-18 - (-26 + -39 + 26)
21
What is 4 + (3 + -43 - -10) + -2 + 4?
-24
(22 - 